{"id":1205,"date":"2020-03-17T14:39:16","date_gmt":"2020-03-17T14:39:16","guid":{"rendered":"http:\/\/www.bluetec.dk\/?page_id=1205"},"modified":"2020-03-18T14:45:05","modified_gmt":"2020-03-18T14:45:05","slug":"filtertest","status":"publish","type":"page","link":"https:\/\/www.bluetec.dk\/index.php\/filtertest\/","title":{"rendered":"FILTERTEST"},"content":{"rendered":"<p><div class=\"fusion-fullwidth fullwidth-box fusion-builder-row-1 nonhundred-percent-fullwidth non-hundred-percent-height-scrolling\" style=\"--awb-border-radius-top-left:0px;--awb-border-radius-top-right:0px;--awb-border-radius-bottom-right:0px;--awb-border-radius-bottom-left:0px;--awb-padding-top:51px;--awb-flex-wrap:wrap;\" ><div class=\"fusion-builder-row fusion-row\"><div class=\"fusion-layout-column fusion_builder_column fusion-builder-column-0 fusion_builder_column_1_1 1_1 fusion-one-full fusion-column-first fusion-column-last\" style=\"--awb-bg-size:cover;\"><div class=\"fusion-column-wrapper fusion-column-has-shadow fusion-flex-column-wrapper-legacy\"><div class=\"fusion-text fusion-text-1\"><h4 class=\"Standard\" style=\"text-align: left;\">HVILKET FILTER SENDER DU VAND MED BUNDSLAM GENNEM?<\/h4>\n<\/div><div class=\"fusion-image-element in-legacy-container\" style=\"--awb-caption-title-font-family:var(--h2_typography-font-family);--awb-caption-title-font-weight:var(--h2_typography-font-weight);--awb-caption-title-font-style:var(--h2_typography-font-style);--awb-caption-title-size:var(--h2_typography-font-size);--awb-caption-title-transform:var(--h2_typography-text-transform);--awb-caption-title-line-height:var(--h2_typography-line-height);--awb-caption-title-letter-spacing:var(--h2_typography-letter-spacing);\"><span class=\" fusion-imageframe imageframe-none imageframe-1 hover-type-none\"><img decoding=\"async\" width=\"1495\" height=\"997\" title=\"4\" src=\"https:\/\/www.bluetec.dk\/wp-content\/uploads\/2020\/03\/4.png\" alt class=\"img-responsive wp-image-1210\" srcset=\"https:\/\/www.bluetec.dk\/wp-content\/uploads\/2020\/03\/4-200x133.png 200w, https:\/\/www.bluetec.dk\/wp-content\/uploads\/2020\/03\/4-400x267.png 400w, https:\/\/www.bluetec.dk\/wp-content\/uploads\/2020\/03\/4-600x400.png 600w, https:\/\/www.bluetec.dk\/wp-content\/uploads\/2020\/03\/4-800x534.png 800w, https:\/\/www.bluetec.dk\/wp-content\/uploads\/2020\/03\/4-1200x800.png 1200w, https:\/\/www.bluetec.dk\/wp-content\/uploads\/2020\/03\/4.png 1495w\" sizes=\"(max-width: 1000px) 100vw, 1200px\" \/><\/span><\/div><div class=\"fusion-sep-clear\"><\/div><div class=\"fusion-separator fusion-full-width-sep\" style=\"margin-left: auto;margin-right: auto;margin-top:10px;width:100%;\"><\/div><div class=\"fusion-sep-clear\"><\/div><div class=\"fusion-clearfix\"><\/div><\/div><\/div><div class=\"fusion-layout-column fusion_builder_column fusion-builder-column-1 fusion_builder_column_1_1 1_1 fusion-one-full fusion-column-first fusion-column-last\" style=\"--awb-bg-size:cover;\"><div class=\"fusion-column-wrapper fusion-column-has-shadow fusion-flex-column-wrapper-legacy\"><div class=\"fusion-text fusion-text-2\"><p>Med slangebundsuger til et filtreringsanl\u00e6g som det store bl\u00e5, eller med poserobot til en filterpose som det lille hvide?<\/p>\n<p>Filteranl\u00e6gget i den store cirkel flokkulerer de kolloide partikler til st\u00f8rre faste grupper, der tilbageholdes i sandfiltre med langsom gennemstr\u00f8mning.<\/p>\n<p>Herfra bagskylles de til kloak. Processen foreg\u00e5r med minimal produktion af desinfektionsbiprodukter.<\/p>\n<p>Filterposen fra en poserobot i den lille cirkel, kan ikke tilbageholde kolloide partikler, s\u00e5 de bliver pumpet gennem posen og op i vandet til kemisk nedbrydning med klor. Denne type bundsugning producerer desinfektionsbiprodukter der er skadelige for sv\u00f8mmere og personale.<\/p>\n<\/div><div class=\"fusion-clearfix\"><\/div><\/div><\/div><\/div><\/div><div class=\"fusion-fullwidth fullwidth-box fusion-builder-row-2 nonhundred-percent-fullwidth non-hundred-percent-height-scrolling\" style=\"--awb-border-radius-top-left:0px;--awb-border-radius-top-right:0px;--awb-border-radius-bottom-right:0px;--awb-border-radius-bottom-left:0px;--awb-padding-top:51px;--awb-flex-wrap:wrap;\" ><div class=\"fusion-builder-row fusion-row\"><div class=\"fusion-layout-column fusion_builder_column fusion-builder-column-2 fusion_builder_column_1_1 1_1 fusion-one-full fusion-column-first fusion-column-last\" style=\"--awb-bg-size:cover;\"><div class=\"fusion-column-wrapper fusion-column-has-shadow fusion-flex-column-wrapper-legacy\"><div class=\"fusion-text fusion-text-3\"><h4 class=\"Standard fusion-responsive-typography-calculated\" style=\"text-align: left; --fontSize:  27.9; line-height: 1.11;\" data-fontsize=\"27.899999618530273\" data-lineheight=\"30px\">HER TESTES EFFEKTIVITETEN AF ET POSEFILTER.<\/h4>\n<p style=\"text-align: left; color: rgb(51, 51, 51);\">Kan det tilbageholde kolloide partikler?<\/p>\n<\/div><div class=\"fusion-image-element in-legacy-container\" style=\"--awb-caption-title-font-family:var(--h2_typography-font-family);--awb-caption-title-font-weight:var(--h2_typography-font-weight);--awb-caption-title-font-style:var(--h2_typography-font-style);--awb-caption-title-size:var(--h2_typography-font-size);--awb-caption-title-transform:var(--h2_typography-text-transform);--awb-caption-title-line-height:var(--h2_typography-line-height);--awb-caption-title-letter-spacing:var(--h2_typography-letter-spacing);\"><span class=\" fusion-imageframe imageframe-none imageframe-2 hover-type-none\"><img decoding=\"async\" width=\"914\" height=\"525\" title=\"2222\" src=\"https:\/\/www.bluetec.dk\/wp-content\/uploads\/2020\/03\/2222.png\" alt class=\"img-responsive wp-image-1232\" srcset=\"https:\/\/www.bluetec.dk\/wp-content\/uploads\/2020\/03\/2222-200x115.png 200w, https:\/\/www.bluetec.dk\/wp-content\/uploads\/2020\/03\/2222-400x230.png 400w, https:\/\/www.bluetec.dk\/wp-content\/uploads\/2020\/03\/2222-600x345.png 600w, https:\/\/www.bluetec.dk\/wp-content\/uploads\/2020\/03\/2222-800x460.png 800w, https:\/\/www.bluetec.dk\/wp-content\/uploads\/2020\/03\/2222.png 914w\" sizes=\"(max-width: 1000px) 100vw, 914px\" \/><\/span><\/div><div class=\"fusion-sep-clear\"><\/div><div class=\"fusion-separator fusion-full-width-sep\" style=\"margin-left: auto;margin-right: auto;margin-top:10px;width:100%;\"><\/div><div class=\"fusion-sep-clear\"><\/div><div class=\"fusion-clearfix\"><\/div><\/div><\/div><div class=\"fusion-layout-column fusion_builder_column fusion-builder-column-3 fusion_builder_column_1_1 1_1 fusion-one-full fusion-column-first fusion-column-last\" style=\"--awb-bg-size:cover;\"><div class=\"fusion-column-wrapper fusion-column-has-shadow fusion-flex-column-wrapper-legacy\"><div class=\"fusion-text fusion-text-4\"><p class=\"Standard\">Nej. De hvide fedtpartikler i m\u00e6lken er 1 my = st\u00f8rrelsen p\u00e5 de fleste partikler p\u00e5 bunden af et sv\u00f8mmebad. Hvis posefilteret tilbageholdte de sm\u00e5 partikler, ville m\u00e6lken blive klar som vand p\u00e5 den anden side \u2013 og hvis ikke, s\u00e5 sender posefilteret partiklerne op i vandet, for her at lade dem nedbryde kemisk med klor. Det resulterer i desinfektionsbiprodukter som bundet klor og THM, hvilket er en gas, der er skadelig for alle i sv\u00f8mmehallen.<\/p>\n<p class=\"Standard\">Posefilteret vist her er p\u00e5 20 my. Hvis det skal tilbageholde kolloide partikler, skal det v\u00e6re p\u00e5 0,5 my \u2013 og det er ikke er teknisk muligt. Derfor er det vigtigt vi bundsuger med slange direkte til filteranl\u00e6gget for at have det sundeste milj\u00f8 i sv\u00f8mmehallen!<\/p>\n<p class=\"Standard\">\u00a0<\/p>\n<\/div><div class=\"fusion-clearfix\"><\/div><\/div><\/div><\/div><\/div><\/p>\n","protected":false},"excerpt":{"rendered":"","protected":false},"author":1,"featured_media":0,"parent":0,"menu_order":0,"comment_status":"closed","ping_status":"closed","template":"100-width.php","meta":{"footnotes":""},"class_list":["post-1205","page","type-page","status-publish","hentry"],"_links":{"self":[{"href":"https:\/\/www.bluetec.dk\/index.php\/wp-json\/wp\/v2\/pages\/1205","targetHints":{"allow":["GET"]}}],"collection":[{"href":"https:\/\/www.bluetec.dk\/index.php\/wp-json\/wp\/v2\/pages"}],"about":[{"href":"https:\/\/www.bluetec.dk\/index.php\/wp-json\/wp\/v2\/types\/page"}],"author":[{"embeddable":true,"href":"https:\/\/www.bluetec.dk\/index.php\/wp-json\/wp\/v2\/users\/1"}],"replies":[{"embeddable":true,"href":"https:\/\/www.bluetec.dk\/index.php\/wp-json\/wp\/v2\/comments?post=1205"}],"version-history":[{"count":10,"href":"https:\/\/www.bluetec.dk\/index.php\/wp-json\/wp\/v2\/pages\/1205\/revisions"}],"predecessor-version":[{"id":1240,"href":"https:\/\/www.bluetec.dk\/index.php\/wp-json\/wp\/v2\/pages\/1205\/revisions\/1240"}],"wp:attachment":[{"href":"https:\/\/www.bluetec.dk\/index.php\/wp-json\/wp\/v2\/media?parent=1205"}],"curies":[{"name":"wp","href":"https:\/\/api.w.org\/{rel}","templated":true}]}}